 the prime factors of 32874758.
2, 7, 2348197
What are the prime factors of 7393995?
3, 5, 7, 23473
List the prime factors of 8579.
23, 373
List the prime factors of 197529.
3, 65843
List the prime factors of 10568155.
5, 13, 23, 7069
List the prime factors of 1705340.
2, 5, 7, 13, 937
What are the prime factors of 24459?
3, 31, 263
What are the prime factors of 14011187?
109, 191, 673
List the prime factors of 856123.
79, 10837
What are the prime factors of 564836?
2, 141209
What are the prime factors of 1736311?
59, 29429
List the prime factors of 5444151.
3, 47, 38611
What are the prime factors of 508158?
2, 3, 7, 37, 109
What are the prime factors of 11093633?
11093633
List the prime factors of 44163495.
3, 5, 277, 1181
What are the prime factors of 4041400?
2, 5, 11, 167
List the prime factors of 768421.
307, 2503
What are the prime factors of 16881?
3, 17, 331
What are the prime factors of 504987?
3, 7, 139, 173
What are the prime factors of 26294763?
3, 11, 751, 1061
What are the prime factors of 12959542?
2, 17, 67, 5689
What are the prime factors of 212570?
2, 5, 29, 733
What are the prime factors of 1062482?
2, 47, 89, 127
List the prime factors of 1309127.
1309127
List the prime factors of 5741445.
3, 5, 382763
List the prime factors of 179061.
3, 17, 3511
What are the prime factors of 134504?
2, 17, 23, 43
List the prime factors of 218516.
2, 54629
What are the prime factors of 75993?
3, 73, 347
List the prime factors of 1230275.
5, 49211
List the prime factors of 340525.
5, 53, 257
What are the prime factors of 1933558?
2, 11, 179, 491
List the prime factors of 5035779.
3, 7, 19, 601
What are the prime factors of 601425?
3, 5, 11
List the prime factors of 3293175.
3, 5, 19, 2311
What are the prime factors of 13509211?
23, 31, 18947
What are the prime factors of 3380439?
3, 853, 1321
What are the prime factors of 4301700?
2, 3, 5, 13, 1103
List the prime factors of 573170.
2, 5, 13, 4409
List the prime factors of 188836.
2, 17, 2777
List the prime factors of 25036.
2, 11, 569
What are the prime factors of 11021120?
2, 5, 11, 31, 101
What are the prime factors of 2110967?
41, 51487
What are the prime factors of 714328?
2, 29, 3079
What are the prime factors of 603460?
2, 5, 11, 13, 211
What are the prime factors of 68167?
11, 6197
What are the prime factors of 14215743?
3, 19, 3079
List the prime factors of 2129175.
3, 5, 9463
What are the prime factors of 19944193?
19944193
What are the prime factors of 174953?
53, 3301
List the prime factors of 474044.
2, 37, 3203
List the prime factors of 11532915.
3, 5, 85429
What are the prime factors of 144475?
5, 5779
List the prime factors of 32223055.
5, 6444611
What are the prime factors of 395231?
395231
List the prime factors of 3300922.
2, 167, 9883
What are the prime factors of 651066?
2, 3, 13, 17, 491
What are the prime factors of 478686?
2, 3, 13, 17, 19
What are the prime factors of 4387863?
3, 1462621
What are the prime factors of 147185?
5, 29437
What are the prime factors of 8502786?
2, 3, 101, 1559
What are the prime factors of 203771?
203771
List the prime factors of 13910287.
2939, 4733
List the prime factors of 121802.
2, 60901
What are the prime factors of 16240651?
7, 463, 5011
List the prime factors of 271646.
2, 71, 1913
What are the prime factors of 1733486?
2, 866743
What are the prime factors of 498170?
2, 5, 31, 1607
List the prime factors of 69759.
3, 23, 337
What are the prime factors of 1824371?
1824371
List the prime factors of 589010.
2, 5, 58901
What are the prime factors of 29544023?
31, 71, 433
List the prime factors of 66288.
2, 3, 1381
What are the prime factors of 142647?
3, 17, 2797
What are the prime factors of 397184?
2, 29, 107
List the prime factors of 16578207.
3, 1842023
What are the prime factors of 3817292?
2, 954323
List the prime factors of 5855751.
3, 11, 59149
List the prime factors of 113880.
2, 3, 5, 13, 73
What are the prime factors of 17923878?
2, 3, 7, 19, 7487
What are the prime factors of 571163?
571163
What are the prime factors of 156345?
3, 5, 7, 1489
What are the prime factors of 5124654?
2, 3, 43, 2207
List the prime factors of 1382171.
7, 197453
What are the prime factors of 253337?
7, 36191
List the prime factors of 8555972.
2, 83, 25771
List the prime factors of 2963789.
89, 33301
What are the prime factors of 2451431?
41, 59791
List the prime factors of 1446859.
61, 23719
List the prime factors of 19451.
53, 367
List the prime factors of 920430.
2, 3, 5, 7, 487
What are the prime factors of 4919372?
2, 37, 43, 773
List the prime factors of 242787.
3, 80929
What are the prime factors of 1167965?
5, 191, 1223
List the prime factors of 13215427.
13215427
List the prime factors of 485557.
47, 10331
What are the prime factors of 104544?
2, 3, 11
What are the prime factors of 237411?
3, 977
What are the prime factors of 6273160?
2, 5, 31, 5059
What are the prime factors of 6866316?
2, 3, 63577
List the prime factors of 398640.
2, 3, 5, 11, 151
List the prime factors of 532903.
7, 76129
List the prime factors of 118712.
2, 11, 19, 71
List the prime factors of 1227564.
2, 3, 13, 43, 61
What are the prime factors of 6447960?
2, 3, 5, 17911
List the prime factors of 2934140.
2, 5, 11, 13337
List the prime factors of 312073.
312073
What are the prime factors of 324766?
2, 13, 12491
List the prime factors of 348259.
348259
List the prime factors of 2279575.
5, 91183
List the prime factors of 276173.
276173
What are the prime factors of 5798857?
19, 239, 1277
What are the prime factors of 5351883?
3, 443, 4027
What are the prime factors of 222063?
3, 74021
What are the prime factors of 80047?
11, 19, 383
What are the prime factors of 2108048?
2, 359, 367
What are the prime factors of 106772?
2, 26693
What are the prime factors of 9110?
2, 5, 911
List the prime factors of 259027.
19, 13633
List the prime factors of 2427695.
5, 487, 997
What are the prime factors of 31949613?
3, 17, 47, 1481
List the prime factors of 74615.
5, 14923
What are the prime factors of 321955?
5, 19, 3389
What are the prime factors of 2068334?
2, 1034167
What are the prime factors of 191637?
3, 107, 199
What are the prime factors of 5718335?
5, 7, 19, 8599
What are the prime factors of 1451275?
5, 7, 8293
What are the prime factors of 393922?
2, 196961
List the prime factors of 11383047.
3, 13, 17, 59, 97
List the prime factors of 10866642.
2, 3, 1811107
What are the prime factors of 1296050?
2, 5, 7, 23
What are the prime factors of 997501?
499, 1999
List the prime factors of 246970.
2, 5, 24697
List the prime factors of 250216.
2, 31277
List the prime factors of 148370.
2, 5, 37, 401
What are the prime factors of 1212844?
2, 31, 9781
What are the prime factors of 743793?
3, 19, 13049
What are the prime factors of 597226?
2, 7, 29, 1471
What are the prime factors of 379977?
3, 13, 9743
List the prime factors of 174490.
2, 5, 17449
What are the prime factors of 7006523?
547, 12809
List the prime factors of 263488.
2, 23, 179
List the prime factors of 787591.
7, 59, 1907
What are the prime factors of 876148?
2, 7, 13, 29, 83
What are the prime factors of 925153?
925153
List the prime factors of 61014.
2, 3, 10169
What are the prime factors of 4256691?
3, 257, 5521
List the prime factors of 844441.
13, 17, 3821
What are the prime factors of 8102471?
13, 47, 89, 149
What are the prime factors of 24872?
2, 3109
What are the prime factors of 335949?
3, 113, 991
What are the prime factors of 2482921?
7, 354703
What are the prime factors of 9810?
2, 3, 5, 109
List the prime factors of 7305737.
2039, 3583
What are the prime factors of 481385?
5, 43, 2239
List the prime factors of 240957.
3, 41, 653
What are the prime factors of 192816?
2, 3, 13, 103
List the prime factors of 224629.
224629
List the prime factors of 915646.
2, 29, 15787
List the prime factors of 12076467.
3, 13, 37, 8369
What are the prime factors of 2520069?
3, 840023
What are the prime factors of 22669648?
2, 29, 48857
What are the prime factors of 4014560?
2, 5, 11, 2281
What are the prime factors of 539954?
2, 17, 15881
List the prime factors of 3090578.
2, 19, 81331
List the prime factors of 2201588.
2, 499, 1103
List the prime factors of 331967.
331967
What are the prime factors of 4753654?
2, 237